{"id":1131,"date":"2018-01-23T14:37:42","date_gmt":"2018-01-23T13:37:42","guid":{"rendered":"http:\/\/judoclubsambreville.be\/?page_id=1131"},"modified":"2018-01-23T14:39:37","modified_gmt":"2018-01-23T13:39:37","slug":"championnat-de-belgique-jeunes-2018","status":"publish","type":"page","link":"https:\/\/judoclubsambreville.be\/index.php\/championnat-de-belgique-jeunes-2018\/","title":{"rendered":"Championnat de Belgique Jeunes 2018"},"content":{"rendered":"<p>Chaque d\u00e9but d&rsquo;ann\u00e9e, tous nos comp\u00e9titeurs \u00e2g\u00e9s entre 15 et 21 ans participent au Championnat. Il s&rsquo;agit d&rsquo;une comp\u00e9tition officielle, divis\u00e9e en plusieurs \u00e9tapes : Championnat de la Province,\u00a0Championnat de Wallonie et enfin,\u00a0Championnat de Belgique.<\/p>\n<h1><strong>Championnat de la Province de Namur<\/strong><\/h1>\n<p>\u00c9tant situ\u00e9 dans la Province de Namur, la premi\u00e8re \u00e9tape de nos judokas est donc le Championnat de la Province de Namur. Pour acc\u00e9der au Championnat de Wallonie, nos judokas doivent monter sur le podium (et donc faire partie des quatre premiers).<\/p>\n<p>Ci-dessous tous les r\u00e9sultats :<\/p>\n\n<table id=\"tablepress-20\" class=\"tablepress tablepress-id-20\">\n<thead>\n<tr class=\"row-1\">\n\t<th class=\"column-1\">Judokas<\/th><th class=\"column-2\">Classement<\/th>\n<\/tr>\n<\/thead>\n<tbody class=\"row-striping row-hover\">\n<tr class=\"row-2\">\n\t<td class=\"column-1\"><b>Cadets U15<\/b><\/td><td class=\"column-2\"><\/td>\n<\/tr>\n<tr class=\"row-3\">\n\t<td class=\"column-1\">Nathana\u00eblle<\/td><td class=\"column-2\">2e<\/td>\n<\/tr>\n<tr class=\"row-4\">\n\t<td class=\"column-1\">Christina<\/td><td class=\"column-2\">3e<\/td>\n<\/tr>\n<tr class=\"row-5\">\n\t<td class=\"column-1\">Gabrielle<\/td><td class=\"column-2\">3e<\/td>\n<\/tr>\n<tr class=\"row-6\">\n\t<td class=\"column-1\">Elsa<\/td><td class=\"column-2\">4e<\/td>\n<\/tr>\n<tr class=\"row-7\">\n\t<td class=\"column-1\">Darius<\/td><td class=\"column-2\">2e<\/td>\n<\/tr>\n<tr class=\"row-8\">\n\t<td class=\"column-1\">Florent Jeandrain <\/td><td class=\"column-2\">2e<\/td>\n<\/tr>\n<tr class=\"row-9\">\n\t<td class=\"column-1\">Jurgen Meyvisch<\/td><td class=\"column-2\">3e<\/td>\n<\/tr>\n<tr class=\"row-10\">\n\t<td class=\"column-1\">Josuah Jeandrain<\/td><td class=\"column-2\">3e<\/td>\n<\/tr>\n<tr class=\"row-11\">\n\t<td class=\"column-1\"><\/td><td class=\"column-2\"><\/td>\n<\/tr>\n<tr class=\"row-12\">\n\t<td class=\"column-1\"><b>Espoirs U17<\/b><\/td><td class=\"column-2\"><\/td>\n<\/tr>\n<tr class=\"row-13\">\n\t<td class=\"column-1\">Eloise Keiser<\/td><td class=\"column-2\">1re<\/td>\n<\/tr>\n<tr class=\"row-14\">\n\t<td class=\"column-1\">Leyla Jamaigne<\/td><td class=\"column-2\">1re<\/td>\n<\/tr>\n<tr class=\"row-15\">\n\t<td class=\"column-1\">L\u00e9a Istat <\/td><td class=\"column-2\">3e<\/td>\n<\/tr>\n<tr class=\"row-16\">\n\t<td class=\"column-1\">Zackaria Jamaigne <\/td><td class=\"column-2\">1er<\/td>\n<\/tr>\n<tr class=\"row-17\">\n\t<td class=\"column-1\">Olivier Delefortrie <\/td><td class=\"column-2\">1er<\/td>\n<\/tr>\n<tr class=\"row-18\">\n\t<td class=\"column-1\">Soufiane<\/td><td class=\"column-2\">1er<\/td>\n<\/tr>\n<tr class=\"row-19\">\n\t<td class=\"column-1\">Tristan <\/td><td class=\"column-2\">2e<\/td>\n<\/tr>\n<tr class=\"row-20\">\n\t<td class=\"column-1\">Clement Jeandrain<\/td><td class=\"column-2\">3e<\/td>\n<\/tr>\n<tr class=\"row-21\">\n\t<td class=\"column-1\">Julien Remacle<\/td><td class=\"column-2\">3e<\/td>\n<\/tr>\n<tr class=\"row-22\">\n\t<td class=\"column-1\">Marwan<\/td><td class=\"column-2\">3e<\/td>\n<\/tr>\n<tr class=\"row-23\">\n\t<td class=\"column-1\">Alexandre de Salle <\/td><td class=\"column-2\">7e<\/td>\n<\/tr>\n<tr class=\"row-24\">\n\t<td class=\"column-1\"><\/td><td class=\"column-2\"><\/td>\n<\/tr>\n<tr class=\"row-25\">\n\t<td class=\"column-1\"><b>Juniors U21<\/b><\/td><td class=\"column-2\"><\/td>\n<\/tr>\n<tr class=\"row-26\">\n\t<td class=\"column-1\">Floriane Meyvisch <\/td><td class=\"column-2\">1\u00e8re<\/td>\n<\/tr>\n<tr class=\"row-27\">\n\t<td class=\"column-1\">Romane Freres <\/td><td class=\"column-2\">1\u00e8re<\/td>\n<\/tr>\n<tr class=\"row-28\">\n\t<td class=\"column-1\">Justine <\/td><td class=\"column-2\">2e<\/td>\n<\/tr>\n<tr class=\"row-29\">\n\t<td class=\"column-1\">Maxence Adam<\/td><td class=\"column-2\">1er<\/td>\n<\/tr>\n<tr class=\"row-30\">\n\t<td class=\"column-1\">Antoine Gilain <\/td><td class=\"column-2\">1er<\/td>\n<\/tr>\n<\/tbody>\n<\/table>\n\n<a id=\"champwall\" name=\"champwall\"><\/a><\/p>\n<p><strong>23 sont qualifi\u00e9s pour le Championnat de Wallonie.<\/strong><\/p>\n<h1><strong>Championnat de\u00a0Wallonie<\/strong><\/h1>\n<p>\u00e0 venir<br \/>\n<a id=\"champbel\" name=\"champbel\"><\/a><\/p>\n<h1><strong>Championnat de\u00a0Belgique<\/strong><\/h1>\n<p>\u00e0 venir<\/p>\n","protected":false},"excerpt":{"rendered":"<p>Chaque d\u00e9but d&rsquo;ann\u00e9e, tous nos comp\u00e9titeurs \u00e2g\u00e9s entre 15 et 21 ans participent au Championnat. Il s&rsquo;agit d&rsquo;une comp\u00e9tition officielle,<\/p>\n","protected":false},"author":1,"featured_media":0,"parent":0,"menu_order":0,"comment_status":"closed","ping_status":"closed","template":"","meta":{"colormag_page_container_layout":"no_sidebar_full_width","colormag_page_sidebar_layout":"no_sidebar","footnotes":""},"class_list":["post-1131","page","type-page","status-publish","hentry"],"yoast_head":"<!-- This site is optimized with the Yoast SEO plugin v27.2 - https:\/\/yoast.com\/product\/yoast-seo-wordpress\/ -->\n<title>Championnat de Belgique Jeunes 2018 - Judo Club Sambreville<\/title>\n<meta name=\"robots\" content=\"index, follow, max-snippet:-1, max-image-preview:large, max-video-preview:-1\" \/>\n<link rel=\"canonical\" href=\"https:\/\/judoclubsambreville.be\/index.php\/championnat-de-belgique-jeunes-2018\/\" \/>\n<meta property=\"og:locale\" content=\"fr_FR\" \/>\n<meta property=\"og:type\" content=\"article\" \/>\n<meta property=\"og:title\" content=\"Championnat de Belgique Jeunes 2018 - Judo Club Sambreville\" \/>\n<meta property=\"og:description\" content=\"Chaque d\u00e9but d&rsquo;ann\u00e9e, tous nos comp\u00e9titeurs \u00e2g\u00e9s entre 15 et 21 ans participent au Championnat. Il s&rsquo;agit d&rsquo;une comp\u00e9tition officielle,\" \/>\n<meta property=\"og:url\" content=\"https:\/\/judoclubsambreville.be\/index.php\/championnat-de-belgique-jeunes-2018\/\" \/>\n<meta property=\"og:site_name\" content=\"Judo Club Sambreville\" \/>\n<meta property=\"article:modified_time\" content=\"2018-01-23T13:39:37+00:00\" \/>\n<meta name=\"twitter:card\" content=\"summary_large_image\" \/>\n<meta name=\"twitter:label1\" content=\"Dur\u00e9e de lecture estim\u00e9e\" \/>\n\t<meta name=\"twitter:data1\" content=\"1 minute\" \/>\n<script type=\"application\/ld+json\" class=\"yoast-schema-graph\">{\"@context\":\"https:\/\/schema.org\",\"@graph\":[{\"@type\":\"WebPage\",\"@id\":\"https:\/\/judoclubsambreville.be\/index.php\/championnat-de-belgique-jeunes-2018\/\",\"url\":\"https:\/\/judoclubsambreville.be\/index.php\/championnat-de-belgique-jeunes-2018\/\",\"name\":\"Championnat de Belgique Jeunes 2018 - Judo Club Sambreville\",\"isPartOf\":{\"@id\":\"https:\/\/judoclubsambreville.be\/#website\"},\"datePublished\":\"2018-01-23T13:37:42+00:00\",\"dateModified\":\"2018-01-23T13:39:37+00:00\",\"breadcrumb\":{\"@id\":\"https:\/\/judoclubsambreville.be\/index.php\/championnat-de-belgique-jeunes-2018\/#breadcrumb\"},\"inLanguage\":\"fr-FR\",\"potentialAction\":[{\"@type\":\"ReadAction\",\"target\":[\"https:\/\/judoclubsambreville.be\/index.php\/championnat-de-belgique-jeunes-2018\/\"]}]},{\"@type\":\"BreadcrumbList\",\"@id\":\"https:\/\/judoclubsambreville.be\/index.php\/championnat-de-belgique-jeunes-2018\/#breadcrumb\",\"itemListElement\":[{\"@type\":\"ListItem\",\"position\":1,\"name\":\"Accueil\",\"item\":\"https:\/\/judoclubsambreville.be\/\"},{\"@type\":\"ListItem\",\"position\":2,\"name\":\"Championnat de Belgique Jeunes 2018\"}]},{\"@type\":\"WebSite\",\"@id\":\"https:\/\/judoclubsambreville.be\/#website\",\"url\":\"https:\/\/judoclubsambreville.be\/\",\"name\":\"Judo Club Sambreville\",\"description\":\"Un club pour toute la famille\",\"potentialAction\":[{\"@type\":\"SearchAction\",\"target\":{\"@type\":\"EntryPoint\",\"urlTemplate\":\"https:\/\/judoclubsambreville.be\/?s={search_term_string}\"},\"query-input\":{\"@type\":\"PropertyValueSpecification\",\"valueRequired\":true,\"valueName\":\"search_term_string\"}}],\"inLanguage\":\"fr-FR\"}]}<\/script>\n<!-- \/ Yoast SEO plugin. -->","yoast_head_json":{"title":"Championnat de Belgique Jeunes 2018 - Judo Club Sambreville","robots":{"index":"index","follow":"follow","max-snippet":"max-snippet:-1","max-image-preview":"max-image-preview:large","max-video-preview":"max-video-preview:-1"},"canonical":"https:\/\/judoclubsambreville.be\/index.php\/championnat-de-belgique-jeunes-2018\/","og_locale":"fr_FR","og_type":"article","og_title":"Championnat de Belgique Jeunes 2018 - Judo Club Sambreville","og_description":"Chaque d\u00e9but d&rsquo;ann\u00e9e, tous nos comp\u00e9titeurs \u00e2g\u00e9s entre 15 et 21 ans participent au Championnat. Il s&rsquo;agit d&rsquo;une comp\u00e9tition officielle,","og_url":"https:\/\/judoclubsambreville.be\/index.php\/championnat-de-belgique-jeunes-2018\/","og_site_name":"Judo Club Sambreville","article_modified_time":"2018-01-23T13:39:37+00:00","twitter_card":"summary_large_image","twitter_misc":{"Dur\u00e9e de lecture estim\u00e9e":"1 minute"},"schema":{"@context":"https:\/\/schema.org","@graph":[{"@type":"WebPage","@id":"https:\/\/judoclubsambreville.be\/index.php\/championnat-de-belgique-jeunes-2018\/","url":"https:\/\/judoclubsambreville.be\/index.php\/championnat-de-belgique-jeunes-2018\/","name":"Championnat de Belgique Jeunes 2018 - Judo Club Sambreville","isPartOf":{"@id":"https:\/\/judoclubsambreville.be\/#website"},"datePublished":"2018-01-23T13:37:42+00:00","dateModified":"2018-01-23T13:39:37+00:00","breadcrumb":{"@id":"https:\/\/judoclubsambreville.be\/index.php\/championnat-de-belgique-jeunes-2018\/#breadcrumb"},"inLanguage":"fr-FR","potentialAction":[{"@type":"ReadAction","target":["https:\/\/judoclubsambreville.be\/index.php\/championnat-de-belgique-jeunes-2018\/"]}]},{"@type":"BreadcrumbList","@id":"https:\/\/judoclubsambreville.be\/index.php\/championnat-de-belgique-jeunes-2018\/#breadcrumb","itemListElement":[{"@type":"ListItem","position":1,"name":"Accueil","item":"https:\/\/judoclubsambreville.be\/"},{"@type":"ListItem","position":2,"name":"Championnat de Belgique Jeunes 2018"}]},{"@type":"WebSite","@id":"https:\/\/judoclubsambreville.be\/#website","url":"https:\/\/judoclubsambreville.be\/","name":"Judo Club Sambreville","description":"Un club pour toute la famille","potentialAction":[{"@type":"SearchAction","target":{"@type":"EntryPoint","urlTemplate":"https:\/\/judoclubsambreville.be\/?s={search_term_string}"},"query-input":{"@type":"PropertyValueSpecification","valueRequired":true,"valueName":"search_term_string"}}],"inLanguage":"fr-FR"}]}},"_links":{"self":[{"href":"https:\/\/judoclubsambreville.be\/index.php\/wp-json\/wp\/v2\/pages\/1131","targetHints":{"allow":["GET"]}}],"collection":[{"href":"https:\/\/judoclubsambreville.be\/index.php\/wp-json\/wp\/v2\/pages"}],"about":[{"href":"https:\/\/judoclubsambreville.be\/index.php\/wp-json\/wp\/v2\/types\/page"}],"author":[{"embeddable":true,"href":"https:\/\/judoclubsambreville.be\/index.php\/wp-json\/wp\/v2\/users\/1"}],"replies":[{"embeddable":true,"href":"https:\/\/judoclubsambreville.be\/index.php\/wp-json\/wp\/v2\/comments?post=1131"}],"version-history":[{"count":1,"href":"https:\/\/judoclubsambreville.be\/index.php\/wp-json\/wp\/v2\/pages\/1131\/revisions"}],"predecessor-version":[{"id":1134,"href":"https:\/\/judoclubsambreville.be\/index.php\/wp-json\/wp\/v2\/pages\/1131\/revisions\/1134"}],"wp:attachment":[{"href":"https:\/\/judoclubsambreville.be\/index.php\/wp-json\/wp\/v2\/media?parent=1131"}],"curies":[{"name":"wp","href":"https:\/\/api.w.org\/{rel}","templated":true}]}}