{"id":573,"date":"2016-03-10T22:08:35","date_gmt":"2016-03-10T21:08:35","guid":{"rendered":"http:\/\/judoclubsambreville.be\/?page_id=573"},"modified":"2026-02-01T20:08:01","modified_gmt":"2026-02-01T19:08:01","slug":"les-professeurs","status":"publish","type":"page","link":"https:\/\/judoclubsambreville.be\/index.php\/les-professeurs\/","title":{"rendered":"Les professeurs"},"content":{"rendered":"<p>Le Judo Club Sambreville accorde de l&rsquo;importance \u00e0 un enseignement de qualit\u00e9. Des professeurs qualifi\u00e9s sont l\u00e0 pour un apprentissage des bases du judo et une \u00e9volution suivant le rythme et les aspirations de chacun. Les enseignants sont brevet\u00e9s par le Minist\u00e8re de la Communaut\u00e9 fran\u00e7aise. Les <a href=\"https:\/\/judoclubsambreville.be\/index.php\/le-club\/les-ceintures-noires\/\">ceintures noires<\/a> pr\u00e9sentes sur le tatamis sont \u00e9galement l\u00e0 pour accompagner tous les judokas.<\/p>\n<p style=\"text-align: center;\"><img loading=\"lazy\" decoding=\"async\" class=\"aligncenter wp-image-2389 size-full\" src=\"https:\/\/judoclubsambreville.be\/wp-content\/uploads\/2016\/03\/prof2025.jpg\" alt=\"prof2025\" width=\"595\" height=\"842\" srcset=\"https:\/\/judoclubsambreville.be\/wp-content\/uploads\/2016\/03\/prof2025.jpg 595w, https:\/\/judoclubsambreville.be\/wp-content\/uploads\/2016\/03\/prof2025-212x300.jpg 212w\" sizes=\"auto, (max-width: 595px) 100vw, 595px\" \/><a href=\"https:\/\/judoclubsambreville.be\/index.php\/les-professeurs\/prof\/\" rel=\"attachment wp-att-2079\"><br \/>\n<\/a><\/p>\n","protected":false},"excerpt":{"rendered":"<p>Le Judo Club Sambreville accorde de l&rsquo;importance \u00e0 un enseignement de qualit\u00e9. Des professeurs qualifi\u00e9s sont l\u00e0 pour un apprentissage<\/p>\n","protected":false},"author":1,"featured_media":0,"parent":0,"menu_order":0,"comment_status":"closed","ping_status":"closed","template":"","meta":{"colormag_page_container_layout":"no_sidebar_full_width","colormag_page_sidebar_layout":"no_sidebar","footnotes":""},"class_list":["post-573","page","type-page","status-publish","hentry"],"yoast_head":"<!-- This site is optimized with the Yoast SEO plugin v27.2 - https:\/\/yoast.com\/product\/yoast-seo-wordpress\/ -->\n<title>Les professeurs - Judo Club Sambreville<\/title>\n<meta name=\"description\" content=\"Le Judo Club Sambreville accorde de l\u2019importance \u00e0 un enseignement de qualit\u00e9. Des professeurs qualifi\u00e9s sont l\u00e0 pour suivre tous les judokas\" \/>\n<meta name=\"robots\" content=\"index, follow, max-snippet:-1, max-image-preview:large, max-video-preview:-1\" \/>\n<link rel=\"canonical\" href=\"https:\/\/judoclubsambreville.be\/index.php\/les-professeurs\/\" \/>\n<meta property=\"og:locale\" content=\"fr_FR\" \/>\n<meta property=\"og:type\" content=\"article\" \/>\n<meta property=\"og:title\" content=\"Les professeurs - Judo Club Sambreville\" \/>\n<meta property=\"og:description\" content=\"Le Judo Club Sambreville accorde de l\u2019importance \u00e0 un enseignement de qualit\u00e9. Des professeurs qualifi\u00e9s sont l\u00e0 pour suivre tous les judokas\" \/>\n<meta property=\"og:url\" content=\"https:\/\/judoclubsambreville.be\/index.php\/les-professeurs\/\" \/>\n<meta property=\"og:site_name\" content=\"Judo Club Sambreville\" \/>\n<meta property=\"article:modified_time\" content=\"2026-02-01T19:08:01+00:00\" \/>\n<meta property=\"og:image\" content=\"https:\/\/judoclubsambreville.be\/wp-content\/uploads\/2016\/03\/prof2025.jpg\" \/>\n\t<meta property=\"og:image:width\" content=\"595\" \/>\n\t<meta property=\"og:image:height\" content=\"842\" \/>\n\t<meta property=\"og:image:type\" content=\"image\/jpeg\" \/>\n<meta name=\"twitter:card\" content=\"summary_large_image\" \/>\n<meta name=\"twitter:label1\" content=\"Dur\u00e9e de lecture estim\u00e9e\" \/>\n\t<meta name=\"twitter:data1\" content=\"1 minute\" \/>\n<script type=\"application\/ld+json\" class=\"yoast-schema-graph\">{\"@context\":\"https:\/\/schema.org\",\"@graph\":[{\"@type\":[\"WebPage\",\"AboutPage\"],\"@id\":\"https:\/\/judoclubsambreville.be\/index.php\/les-professeurs\/\",\"url\":\"https:\/\/judoclubsambreville.be\/index.php\/les-professeurs\/\",\"name\":\"Les professeurs - Judo Club Sambreville\",\"isPartOf\":{\"@id\":\"https:\/\/judoclubsambreville.be\/#website\"},\"primaryImageOfPage\":{\"@id\":\"https:\/\/judoclubsambreville.be\/index.php\/les-professeurs\/#primaryimage\"},\"image\":{\"@id\":\"https:\/\/judoclubsambreville.be\/index.php\/les-professeurs\/#primaryimage\"},\"thumbnailUrl\":\"https:\/\/judoclubsambreville.be\/wp-content\/uploads\/2016\/03\/prof2025.jpg\",\"datePublished\":\"2016-03-10T21:08:35+00:00\",\"dateModified\":\"2026-02-01T19:08:01+00:00\",\"description\":\"Le Judo Club Sambreville accorde de l\u2019importance \u00e0 un enseignement de qualit\u00e9. Des professeurs qualifi\u00e9s sont l\u00e0 pour suivre tous les judokas\",\"breadcrumb\":{\"@id\":\"https:\/\/judoclubsambreville.be\/index.php\/les-professeurs\/#breadcrumb\"},\"inLanguage\":\"fr-FR\",\"potentialAction\":[{\"@type\":\"ReadAction\",\"target\":[\"https:\/\/judoclubsambreville.be\/index.php\/les-professeurs\/\"]}]},{\"@type\":\"ImageObject\",\"inLanguage\":\"fr-FR\",\"@id\":\"https:\/\/judoclubsambreville.be\/index.php\/les-professeurs\/#primaryimage\",\"url\":\"https:\/\/judoclubsambreville.be\/wp-content\/uploads\/2016\/03\/prof2025.jpg\",\"contentUrl\":\"https:\/\/judoclubsambreville.be\/wp-content\/uploads\/2016\/03\/prof2025.jpg\",\"width\":595,\"height\":842,\"caption\":\"Les professeurs\"},{\"@type\":\"BreadcrumbList\",\"@id\":\"https:\/\/judoclubsambreville.be\/index.php\/les-professeurs\/#breadcrumb\",\"itemListElement\":[{\"@type\":\"ListItem\",\"position\":1,\"name\":\"Accueil\",\"item\":\"https:\/\/judoclubsambreville.be\/\"},{\"@type\":\"ListItem\",\"position\":2,\"name\":\"Les professeurs\"}]},{\"@type\":\"WebSite\",\"@id\":\"https:\/\/judoclubsambreville.be\/#website\",\"url\":\"https:\/\/judoclubsambreville.be\/\",\"name\":\"Judo Club Sambreville\",\"description\":\"Un club pour toute la famille\",\"potentialAction\":[{\"@type\":\"SearchAction\",\"target\":{\"@type\":\"EntryPoint\",\"urlTemplate\":\"https:\/\/judoclubsambreville.be\/?s={search_term_string}\"},\"query-input\":{\"@type\":\"PropertyValueSpecification\",\"valueRequired\":true,\"valueName\":\"search_term_string\"}}],\"inLanguage\":\"fr-FR\"}]}<\/script>\n<!-- \/ Yoast SEO plugin. -->","yoast_head_json":{"title":"Les professeurs - Judo Club Sambreville","description":"Le Judo Club Sambreville accorde de l\u2019importance \u00e0 un enseignement de qualit\u00e9. Des professeurs qualifi\u00e9s sont l\u00e0 pour suivre tous les judokas","robots":{"index":"index","follow":"follow","max-snippet":"max-snippet:-1","max-image-preview":"max-image-preview:large","max-video-preview":"max-video-preview:-1"},"canonical":"https:\/\/judoclubsambreville.be\/index.php\/les-professeurs\/","og_locale":"fr_FR","og_type":"article","og_title":"Les professeurs - Judo Club Sambreville","og_description":"Le Judo Club Sambreville accorde de l\u2019importance \u00e0 un enseignement de qualit\u00e9. Des professeurs qualifi\u00e9s sont l\u00e0 pour suivre tous les judokas","og_url":"https:\/\/judoclubsambreville.be\/index.php\/les-professeurs\/","og_site_name":"Judo Club Sambreville","article_modified_time":"2026-02-01T19:08:01+00:00","og_image":[{"width":595,"height":842,"url":"https:\/\/judoclubsambreville.be\/wp-content\/uploads\/2016\/03\/prof2025.jpg","type":"image\/jpeg"}],"twitter_card":"summary_large_image","twitter_misc":{"Dur\u00e9e de lecture estim\u00e9e":"1 minute"},"schema":{"@context":"https:\/\/schema.org","@graph":[{"@type":["WebPage","AboutPage"],"@id":"https:\/\/judoclubsambreville.be\/index.php\/les-professeurs\/","url":"https:\/\/judoclubsambreville.be\/index.php\/les-professeurs\/","name":"Les professeurs - Judo Club Sambreville","isPartOf":{"@id":"https:\/\/judoclubsambreville.be\/#website"},"primaryImageOfPage":{"@id":"https:\/\/judoclubsambreville.be\/index.php\/les-professeurs\/#primaryimage"},"image":{"@id":"https:\/\/judoclubsambreville.be\/index.php\/les-professeurs\/#primaryimage"},"thumbnailUrl":"https:\/\/judoclubsambreville.be\/wp-content\/uploads\/2016\/03\/prof2025.jpg","datePublished":"2016-03-10T21:08:35+00:00","dateModified":"2026-02-01T19:08:01+00:00","description":"Le Judo Club Sambreville accorde de l\u2019importance \u00e0 un enseignement de qualit\u00e9. Des professeurs qualifi\u00e9s sont l\u00e0 pour suivre tous les judokas","breadcrumb":{"@id":"https:\/\/judoclubsambreville.be\/index.php\/les-professeurs\/#breadcrumb"},"inLanguage":"fr-FR","potentialAction":[{"@type":"ReadAction","target":["https:\/\/judoclubsambreville.be\/index.php\/les-professeurs\/"]}]},{"@type":"ImageObject","inLanguage":"fr-FR","@id":"https:\/\/judoclubsambreville.be\/index.php\/les-professeurs\/#primaryimage","url":"https:\/\/judoclubsambreville.be\/wp-content\/uploads\/2016\/03\/prof2025.jpg","contentUrl":"https:\/\/judoclubsambreville.be\/wp-content\/uploads\/2016\/03\/prof2025.jpg","width":595,"height":842,"caption":"Les professeurs"},{"@type":"BreadcrumbList","@id":"https:\/\/judoclubsambreville.be\/index.php\/les-professeurs\/#breadcrumb","itemListElement":[{"@type":"ListItem","position":1,"name":"Accueil","item":"https:\/\/judoclubsambreville.be\/"},{"@type":"ListItem","position":2,"name":"Les professeurs"}]},{"@type":"WebSite","@id":"https:\/\/judoclubsambreville.be\/#website","url":"https:\/\/judoclubsambreville.be\/","name":"Judo Club Sambreville","description":"Un club pour toute la famille","potentialAction":[{"@type":"SearchAction","target":{"@type":"EntryPoint","urlTemplate":"https:\/\/judoclubsambreville.be\/?s={search_term_string}"},"query-input":{"@type":"PropertyValueSpecification","valueRequired":true,"valueName":"search_term_string"}}],"inLanguage":"fr-FR"}]}},"_links":{"self":[{"href":"https:\/\/judoclubsambreville.be\/index.php\/wp-json\/wp\/v2\/pages\/573","targetHints":{"allow":["GET"]}}],"collection":[{"href":"https:\/\/judoclubsambreville.be\/index.php\/wp-json\/wp\/v2\/pages"}],"about":[{"href":"https:\/\/judoclubsambreville.be\/index.php\/wp-json\/wp\/v2\/types\/page"}],"author":[{"embeddable":true,"href":"https:\/\/judoclubsambreville.be\/index.php\/wp-json\/wp\/v2\/users\/1"}],"replies":[{"embeddable":true,"href":"https:\/\/judoclubsambreville.be\/index.php\/wp-json\/wp\/v2\/comments?post=573"}],"version-history":[{"count":15,"href":"https:\/\/judoclubsambreville.be\/index.php\/wp-json\/wp\/v2\/pages\/573\/revisions"}],"predecessor-version":[{"id":2744,"href":"https:\/\/judoclubsambreville.be\/index.php\/wp-json\/wp\/v2\/pages\/573\/revisions\/2744"}],"wp:attachment":[{"href":"https:\/\/judoclubsambreville.be\/index.php\/wp-json\/wp\/v2\/media?parent=573"}],"curies":[{"name":"wp","href":"https:\/\/api.w.org\/{rel}","templated":true}]}}